/6 + 10*w. Is t(-1) prime?
False
Let t = 22 - 26. Suppose -2*y - 3 = -o - 3*y, 4*o - 13 = -5*y. Is 1011/o*t/(-6) a prime number?
True
Suppose -4*t + 7*t - 6 = 0. Let f(q) = q**3 - 29*q**2 - q + 31. Let x be f(29). Suppose x*i - 187 = i - t*l, -5*i - 4*l = -929. Is i a prime number?
False
Suppose 0 = 8*z + 5*z - 372346. Is z a composite number?
True
Suppose -6*t = 4*q - 2*t - 24, q + 4*t - 12 = 0. Is 7/(-14) - (-6526)/q composite?
True
Let v(d) be the first derivative of -181*d**3/3 - d**2/2 + d - 3. Let p be v(1). Let u = -98 - p. Is u prime?
True
Let s(y) = 146*y - 55. Suppose -4*w - f = -9*w + 27, 3*w - 3*f = 9. Is s(w) a composite number?
False
Suppose 3*a + t + 483 = 0, -5*a - 2*t = -8*a - 492. Let n = 399 + a. Is n a prime number?
False
Let n = 13 - 15. Let o be 74/1*(n - -3). Let f = 105 + o. Is f a composite number?
False
Let f = 5583 - -886. Is f composite?
False
Let v(a) = a - 5. Let n be v(9). Let p be ((1 - n) + 4)*4. Suppose -p*m - 8 = 0, 3*g + 5*m = g + 176. Is g composite?
True
Suppose -2*r + 5*v = -29, -5*r - 3*v - 5 = -0*v. Suppose -u = 1 - r. Is (u/3)/((-3)/(-1467)) composite?
False
Let t(i) = i - 6. Let h be t(10). Is 0 - h - (-1 + -384) a composite number?
True
Suppose -5*t + 3*t = -4, 3*y = t + 13. Suppose -2*q + 4*u + 198 = 0, 535 = y*q - u + 76. Is q prime?
False
Let z(f) = 2722*f + 1131. Is z(16) composite?
False
Suppose m + 2*n = 3, -21 = -4*m + 2*n - 7*n. Suppose -m*o + 8527 = -16970. Is o composite?
False
Suppose 235 - 845 = -b. Suppose 6*a = a + b. Suppose 3*p - 43 = a. Is p a prime number?
False
Let b(h) = 255*h**2 + h - 2. Let i be b(1). Let x = -113 + i. Is x a prime number?
False
Let w(z) = -204*z**3 - 4*z**2 + 2*z + 1. Let d be w(3). Let v = -3940 - d. Is v a composite number?
False
Is (0 - (-124)/12)*69 a composite number?
True
Suppose -7 = -43*i + 50*i. Is (9157*(-5)/15)/(i/3) a composite number?
False
Let m(p) be the third derivative of 11*p**5/20 - p**4/12 + 5*p**3/6 + 5*p**2. Is m(-4) prime?
True
Suppose 2*l - 3*n + 12 = -12, 3*l + 3*n + 6 = 0. Is 265*(l*(-6)/9 - 3) prime?
False
Suppose -762 - 8490 = -3*k. Suppose -5*p - 3*v + 20480 + k = 0, -5*p = 5*v - 23570. Is p a prime number?
False
Let q(w) be the first derivative of 3*w**4/4 - w**3 + w**2/2 + 11*w + 12. Is q(6) composite?
False
Is ((-5)/4)/(18/(-11736)) composite?
True
Is (-5 - (-5 + -3433))/1 prime?
True
Let m = 971 - -672. Is m a composite number?
True
Is (-66)/88 + (-25399)/(-4) prime?
False
Let d(x) = 8*x**2 + 4*x + 5. Let i be d(-2). Suppose 0 = 27*m - i*m + 1262. Is m prime?
True
Suppose 140038 = 6*h + 17176. Is h prime?
True
Let k(g) = 2*g**3 + 2*g**2 - g + 3. Let w be k(4). Let s = 57 - 55. Suppose -s*a = a - w. Is a a composite number?
False
Let y(g) = -130*g + 63. Let s(j) = 65*j - 32. Let z(q) = 9*s(q) + 4*y(q). Is z(11) a composite number?
True
Let c be 5/(-40) - (-2050)/16. Let z = c + 289. Suppose -2*m - 95 = -z. Is m prime?
False
Let r(n) = 60*n**3 + 4*n**2 - 12*n + 3. Is r(7) prime?
False
Suppose -5*x = 6 - 31. Suppose -x*k + 3*k + 764 = 0. Is k a composite number?
True
Suppose 22 - 7 = 3*s. Suppose 3*n - 10 = s, 3*n = -3*d + 648. Is d a prime number?
True
Suppose k + 6*k = -476. Let x = 111 + k. Is x composite?
False
Suppose 0 = 9*z + 9*z - 18162. Is z a composite number?
False
Is ((-122676)/48)/((-4)/16) composite?
False
Suppose 3*s - 5*a + 4460 = 32172, -5*s = -3*a - 46192. Is s a composite number?
False
Let f(b) = 4111*b**2 + 27*b + 27. Is f(-1) a prime number?
True
Let l(d) = -d**3 + 4*d**2 - 4. Let a be l(3). Suppose 4*y + 1967 = 5*r + 444, 3*r + a*y = 936. Is r a prime number?
True
Let p(l) = 34*l**2 - 19*l + 67. Is p(-14) composite?
False
Let v(h) = 278*h**2 + 4*h - 7. Is v(-3) a prime number?
False
Let y(p) = 3*p - 3. Let q be y(2). Let z be (9/((-81)/(-3)))/((-2)/(-12)). Is (-35)/(-3) - z/q a composite number?
False
Let q(p) = 1847*p**3 - p + 1. Is q(1) composite?
False
Let j be -1 + 1 - (-2 - -2). Let l(o) = -2*o**3 + 6*o**2 + 7*o - 16. Let q be l(3). Suppose -5*m - q*h = -165, -4*m = -j*m - 2*h - 156. Is m composite?
False
Let h(o) = o**2 + 15*o - 8. Let a(v) = 8*v - 4. Let x(g) = 5*a(g) - 2*h(g). Let b be x(5). Is 178/b*(3 - 5) prime?
True
Is (-530127)/(-135) + 8 + 2/15 prime?
False
Let l(n) = -n**2 - 5*n + 6. Let a be l(-6). Suppose a = d + 1 - 3. Suppose d*s = -s + 333. Is s prime?
False
Suppose 13*v - 2138115 = -92*v. Is v composite?
True
Suppose 0*f - 2*i + 40953 = 5*f, 4*f = 5*i + 32769. Is f composite?
False
Let q(y) = 761*y - 31. Is q(6) prime?
False
Suppose -5*a = -5*d - a + 1524, -5*a + 603 = 2*d. Suppose -4*u + 1064 = -5*i, 4*u + i - 1392 = -d. Is u a composite number?
False
Let u = -13 - -18. Suppose -u*i + 10 = -0. Suppose 0*w + w = 2, -652 = -i*j - 3*w. Is j a prime number?
False
Is (1 - (-9588)/20) + 12/20 a composite number?
True
Let f(y) = 719*y - 8. Let i(z) = -1439*z + 15. Let n(o) = -7*f(o) - 4*i(o). Is n(1) prime?
True
Suppose 275 = -4*u - u. Let r(x) = -13518*x + 9. Let p be r(2). Is p/u - 4/10 composite?
False
Let k be 23/5 - 4/(-10). Suppose 0 = -2*d + k*v - 2*v + 22, 3*v - 11 = -d. Is d/(2/(-44)*-2) a composite number?
True
Let d(u) = 10259*u**2 + 2*u + 14. Is d(-3) a prime number?
False
Let y = -3049 + 13208. Is y a prime number?
True
Suppose -29*l - 181352 = -37*l. Is l composite?
False
Suppose 2*m + 17 - 5 = 0. Let r(h) = -h**2 - 8*h - 8. Let v be r(m). Suppose v*l = 234 + 578. Is l composite?
True
Let n be (-2 - (-3)/3)*0. Suppose 0 = 5*s - y - 693, n = s + 2*y - 124 - 19. Suppose s = 5*h - 4*c, 2*h + 3*c + 143 = 7*h. Is h prime?
True
Suppose 5*i - 5*w - 52355 = 0, -16*i - 20942 = -18*i - w. Is i prime?
False
Is (-6 - 3048/9)*-93 + 5 a composite number?
False
Let r be 0 - (-3 + 2)*20. Let s = r + -12. Suppose -s*a + 884 = -4*a. Is a a prime number?
False
Let w = -20 + 24. Suppose -79 = -3*f - w. Suppose -24*m - 329 = -f*m. Is m a prime number?
False
Suppose i - 3*i + 4502 = -3*o, 4*o + 16 = 0. Is i a prime number?
False
Suppose 7*z = 6*z + 2. Suppose 0 = 4*j - 2*t + 10, -3*j + z = 2*t - 8. Suppose 3*b = 9 - j, -89 = -2*h - 5*b. Is h composite?
False
Let s(o) = 3*o**2 - o + 1. Let a be s(1). Let f be -3 + (a - 3 - 2). Is (-337)/f - 4/10 a composite number?
False
Suppose 0 = 3*s + 5*x - 37, 2*s + 2*x + 11 - 29 = 0. Let k be (-3)/s - 150/(-40). Suppose -4*f + 0*g + 2*g = -100, 5*f - 124 = k*g. Is f composite?
True
Is ((-16129)/(-2))/((-34)/(-68)) a prime number?
False
Let j(d) = d + 11. Let i be j(-9). Suppose 0 = -4*h - i*b + 366 + 400, -h = 4*b - 195. Is h a composite number?
False
Suppose 32228 = -9*q + 11*q - 2*n, 64431 = 4*q + n. Is q prime?
False
Let f be -1 - (-3 + 12/(-1) + 2). Is (f/(-2))/(-36) - (-11537)/6 prime?
False
Let b(h) = 587*h - 12 + 12. Let k be ((81/54)/((-3)/(-4)))/2. Is b(k) a prime number?
True
Let d = 10 - 6. Let k = -1 + d. Suppose t - 2*t - 467 = -5*u, 4*u - k*t - 378 = 0. Is u composite?
True
Let w = 564 - -2773. Is w a prime number?
False
Let z be -17*((-3)/3)/(-1). Let f = z - -15. Is f/(-8) - (-35790)/40 a prime number?
False
Suppose 28 = -2*w - 4*n, 3*n + 2*n = 5*w + 10. Is (2/w - -1)/((-10)/(-67395)) a prime number?
True
Suppose 0*h = -4*h - 5*f + 2019, h - f = 498. Let u = 710 - h. Is u composite?
True
Let w(b) = b**2 - 4*b - 8. Let i be w(6). Suppose -i*c + 4 = -2*c. Suppose 560 = c*k + 2*k - 5*t, 5*k + 2*t - 733 = 0. Is k prime?
False
Suppose 14946 = 3*s + 3*v, 4*s + 3*v = 10006 + 9921. Is s prime?
False
Let m(o) = -115*o**3 - 2*o**2 + 2. Let w be m(-2). Suppose -w = -q - 45. Is q a prime number?
False
Let r = 13422 - 9212. Let v = 6755 - r. Is v a prime number?
False
Is -9*(45430/(-99) + 9) composite?
False
Let w(f) = f**2 - 15*f - 17. Let d be w(16). Let i(u) = 11*u**2 - u + 1. Is i(d) a composite number?
False
Suppose -28 = -5*v + 12. Let j(t) = -5*t**3 + 6*t**2 - 9*t - 7. Let c(o) = -6*o**3 + 5*o**2 - 10*o - 8. Let z(u) = -4*c(u) + 5*j(u). Is z(v) a composite number?
True
Suppose -2*n = -4*n + 54. Let z = n + -25. Is z - (-971 - (-4 + 2)) a composite number?
False
Let c be (-32)/(-10) - (-11)/(-55). Suppose c*i + 156 = 537. Is i composite?
False
Let v = 437 + -114. Let d = v + 920. Is d prime?
False
Let t be (-2)/(-10) + (-69)/30*-256. Suppose -8 = n - 2*n. Suppose -7*f - n + t = 0. Is f a prime number?
True
Let m(j) = j**3 - 8*j**2 - 8*j - 6. Let y be 